 v(-15) a prime number?
False
Let z(y) = y**2 + 11*y - 28. Let q be z(-14). Let w be (3/2)/(q/5684). Suppose -5*f + w = -4276. Is f a prime number?
True
Let n be 3*(-8)/(-6) + 429/(-11). Let b be n*((-3)/5 + (-14)/35). Suppose 32*u = b*u - 483. Is u prime?
False
Let w = -1096374 - -1671757. Is w a composite number?
True
Suppose 9*v - 347425 = -1116997. Is (-87)/(-58)*v/(-6) prime?
True
Let c(f) = 11113*f + 4989. Is c(16) composite?
True
Suppose 31*q = 115800 + 419477. Is q a prime number?
False
Let k(g) be the second derivative of -343*g**3/6 - 7*g**2/2 - 18*g - 12. Suppose -1 - 5 = 3*n. Is k(n) prime?
False
Let n be -3*(-10)/70*(-7)/(-1). Suppose -n*i = -8*i + 3*a + 28078, 3*i = 4*a + 16849. Is i a prime number?
False
Suppose -20 = -19*c + 14*c. Let k(a) = -106*a - 21. Let p be k(c). Let i = p + 1118. Is i prime?
True
Suppose -2*u + 6*u + 12 = -4*w, -5*u + 13 = -2*w. Let n = 65 + u. Suppose -3*r + n = -2*b - b, 3 = 3*b. Is r composite?
False
Suppose 0 = -4*c - w + 472408, 4*c + 2*w = 278240 + 194168. Is c prime?
False
Let v(n) = -616*n + 39. Suppose 65 - 23 = -3*c. Is v(c) a composite number?
False
Suppose -4*c - 14*c = -2073636. Is c a composite number?
True
Let i = -8653 - -66974. Is i a composite number?
False
Let m(w) = 7*w + 64. Let k be m(-10). Is 43306/(0 - -2) - (12 + k) composite?
False
Suppose -8*t = -6*t - 4*b + 14, -3*b = 2*t - 14. Is t/(-5) + 6/((-30)/(-311)) a prime number?
False
Let m(c) = -c**2 + 14*c + 122. Let u be m(20). Suppose -5*r + 2712 = 2*w, -3*r + u*r - 2736 = -2*w. Is w a prime number?
False
Is (-47)/(-4 - (-8)/(225640/112815)) a composite number?
True
Suppose -148*h + 145*h = -24. Is 16304 - h/((-72)/(-27)) a composite number?
False
Let f(y) be the first derivative of y**4/4 + 4*y**3 + 25*y**2/2 - 11*y - 42. Is f(17) a prime number?
False
Let a(k) = 6266*k**2 + 45*k - 136. Is a(3) prime?
True
Let g(b) = b + 34. Let a be g(-14). Is (8/a)/((-34)/(-21335)) a prime number?
True
Suppose -1649*j = -1656*j + 63. Let g(b) = 183*b**2 - 31*b + 183. Is g(j) a prime number?
False
Let f = -7091 + 19861. Suppose -3*z + 7687 = -f. Is z a prime number?
False
Suppose 0 = -9*c + 17*c - 111392. Suppose c - 38741 = -13*z. Is z a composite number?
True
Let h be (-2)/(-7) - 53972955/(-315). Suppose -j + h = 16*j. Is j a composite number?
False
Suppose -168*r - 2462011 = -50068003. Is r prime?
True
Let s(y) = y**2 - 3*y + 11. Let z(r) = r + 9. Let x be z(6). Let j be (x/6)/(1/2). Is s(j) a prime number?
False
Let n = 219132 + -113664. Is 5 + n/78 + 2/(-13) a composite number?
True
Let m = -20150 + 36429. Is m composite?
True
Suppose -l - 8 = -2. Let y be 1/(l/24) + 1*13. Suppose 11*k = y*k + 124. Is k a composite number?
True
Let r be 1 + (-9 - -6) + (-12)/(-1). Suppose 0 = -6*k + 4*k + r. Suppose 0*f - 13925 = -k*f. Is f a prime number?
False
Let d = 438211 + 220774. Is d prime?
False
Suppose 0 = -5904*q + 5907*q - 5739711. Is q a composite number?
True
Suppose -96*t = 39*t + 47*t - 24313926. Is t a composite number?
True
Let l = -124247 - -226486. Is l composite?
True
Let n be -5 + -6 + 3 + 10. Suppose -1401 = -y - b, -3*y = -n*b - 3639 - 554. Is y a composite number?
False
Suppose -60*b + 810434 = -2*b. Is b a composite number?
True
Let g = -254829 + 628522. Is g a composite number?
False
Suppose -24*p + 28*p - 936197 = -5*b, 3*b - 561719 = -2*p. Is b composite?
True
Suppose 6*j - j = 3*d - 18, 24 = 4*d - 5*j. Let i(k) = 8*k**3 + 4*k**2 - 2*k + 5. Is i(d) prime?
False
Suppose -w + 24 = 4*c, 4*w - 62 = -5*c - 21. Suppose 5*v = -4*l + 1170, 1182 = -0*l + w*l - v. Suppose 0 = -j - 4*r + 58 + 43, 4*r - l = -3*j. Is j composite?
False
Suppose -k = 2*k - 12. Let l(f) = -5*f**3 - 4*f**2 - 3*f + 5. Let w(y) = y**3. Let u(n) = -l(n) - 2*w(n). Is u(k) a composite number?
False
Suppose -q - 87 = -3*z, 4*q = -z + 5*z - 116. Suppose u - 15 = 2*c + 3*c, 5*u = -c - z. Is c/(-12)*-3 - -15 prime?
False
Suppose 127279 = f - 4*p, -6*f = -f + 2*p - 636417. Is f a prime number?
False
Let c be 108/(-10)*(-7 - (-55)/15). Let d = -33 + c. Suppose 4*o - d*w + 0*w - 2456 = 0, -o = 4*w - 614. Is o a prime number?
False
Suppose -2*f + 20 = -28. Suppose -11*k - f = -17*k. Suppose 0 = 7*l + k*l - 17149. Is l composite?
False
Suppose -5*h - 17950 = -4*o, 0 = 2*o - 2*h + 3*h - 8982. Suppose 11*p - o = p. Is p a composite number?
False
Suppose 0 = 5*o - o - 20. Suppose 3*b - 554 = -5*f + 10*f, -o*f + 4*b = 557. Let g = f - -948. Is g a prime number?
True
Suppose -5*b = -20 - 20. Suppose -b = d + 3*d, -2*y + 2*d + 5162 = 0. Is y prime?
True
Is ((-11 + 3)/80)/((-1)/2789810) composite?
False
Suppose 0*t - 2*f - 10 = -4*t, 4*t + 5*f = 45. Suppose -2*c = -0*c + t*w + 648, 0 = 5*w + 20. Let x = 191 - c. Is x a prime number?
False
Suppose 18*i = 2*i + 4684343 + 580601. Is i a prime number?
True
Let a = 20893 - 6454. Is a a composite number?
True
Let u(g) = 34*g + 12113. Is u(146) composite?
False
Let z = 678430 - 372701. Is z a prime number?
False
Suppose 5*q = -j + 11475, -5*j - 3434 - 8041 = -5*q. Let p = q - 934. Is p a prime number?
True
Let x be 12/(2 - (-5 + 8)). Is (-3)/x - (-717710)/40 a composite number?
True
Suppose -4*a + 12 = -r, 2*a - 13 = 3*r - 7. Suppose -2*p + p = -4, 0 = -3*o - a*p + 2643. Is o a prime number?
True
Suppose 21*t + 12 = 19*t. Let h be (-10 + 28)/((-2)/t). Is (-3)/(h/(-8114)) + 4/18 composite?
True
Is 5522/(-528)*-46952 - (30/9)/5 prime?
True
Suppose -21*y - 5*g + 194166 = -17*y, y - 48573 = 4*g. Is y composite?
True
Let n(l) = -l**3 - 10*l**2 - 29*l - 15. Suppose 5*x + 2 = -3*q, q = x + 4*q + 10. Suppose 0 = x*w, 0 = -5*f + 4*w - 51 - 14. Is n(f) a prime number?
False
Suppose -5*j - 630717 = -2*x, -131*x - 1261469 = -135*x + 3*j. Is x prime?
False
Suppose 3*r - 5*q + 8 = 70, 0 = -3*r - q + 74. Suppose 0 = -27*x + r*x + 2292. Suppose 25*c = 21*c + x. Is c a prime number?
True
Suppose -253726350 - 49837216 = -474*d + 351901172. Is d prime?
False
Let c = -241331 - -782814. Is c a composite number?
False
Suppose -4*l - 4 = 3*q - 130, 4*l - 116 = 2*q. Let o be -194*(-2)/8*22. Is (-12)/l - o/(-5) a composite number?
True
Is (-17)/((-1020)/488832) - (-1)/(-5) prime?
True
Suppose 25*v = 206 + 294. Is (-1 - v/(-8))/((-39)/(-9932)) a composite number?
True
Suppose -8*k = 2*j - 7*k + 6602, 2*j + 6606 = -2*k. Let t = 11136 + j. Is t a prime number?
False
Let p = 18530 + 101003. Is p a prime number?
True
Let m(d) = -250*d**3 + 7*d**2 - 4*d + 6. Let a be m(-3). Suppose -2*p + a = r, -4949 = 3*r + 2*p - 25426. Is r composite?
False
Is (1/2)/((7/(112/16))/110606) prime?
False
Let t(c) = 36*c**2 - 4*c - 3. Let y(h) = h**2 - 7*h - 61. Let b be y(12). Is t(b) a prime number?
True
Let h(l) = -l**2 - 16*l - 24. Let t be h(-14). Suppose -d - 17629 = t*p, 3*d + 8817 = -2*p + 2*d. Is p/(4 + -5 + -1) prime?
True
Is -15 - -434*(-322)/(-14) a composite number?
False
Let d = 1058430 + -613691. Is d a prime number?
True
Let p(h) = h**2 - 21*h - 22. Let a be p(22). Suppose a = g - 515 - 328. Suppose -451 = -2*m + y + g, y = 4*m - 2592. Is m a prime number?
False
Let r(u) = -3*u + 40. Let x be r(12). Suppose -x*h + 26*h - 31702 = 0. Is h composite?
True
Let k(z) = -z + 13. Let f be k(9). Let q be 30 + (-2 - -3 - f). Is 17343/q - (-4)/(-3) composite?
False
Suppose 0 = -36*h + 38*h - t - 702802, h + 5*t - 351401 = 0. Is h a composite number?
False
Suppose 4*s - 32*u = -31*u + 5748, -5*s + u + 7186 = 0. Is s composite?
True
Let n(q) = -17*q**2 + 16*q + 34. Let o(v) = v + 1. Let k(u) = -n(u) + 4*o(u). Let c be k(-7). Suppose 123 - c = -4*t. Is t a prime number?
True
Let x(l) = l**3 - 14*l**2 - 16*l + 16. Let g be x(15). Let r(m) = -796*m**2 + m - 1. Let d be r(g). Let j = -465 - d. Is j a prime number?
True
Let i(u) = -u**2 + 5*u + 16. Let c be i(-3). Let t(x) = -23*x**3 - 21*x**2 + 7*x - 9. Is t(c) a prime number?
False
Suppose 0 = -231*z + 46068643 + 30787598. Is z a composite number?
False
Let y be (5 - 1) + 7731/1 + -3. Suppose -3*x - 5*l = -y, 5*x = -5*l + 4725 + 8165. Is x a prime number?
True
Let k(f) = 1302*f + 1. Let h be k(2). Suppose 2*u = -1 + 9. Suppose -9*x = -u*x - h. Is x composite?
False
Suppose 10*i - 2405 = 595. Is (1/(-4))/((-45)/i)*699 prime?
False
Let w(r) = 3*r**3 + r**2 + 6*r + 49. Let n be (-476)/(-36) + -4 - (-6)/(-27). Is w(n) a composite number